s u prime?
True
Is 2 + 1*1*639 a composite number?
False
Let n = 63 + 83. Suppose 0 = -4*m + 4, 4*r + m = 3*m + n. Is r composite?
False
Let t(m) = -m**3 - 2*m**2 + 8*m - 2. Suppose 8 + 10 = -3*u. Let r be t(u). Suppose 0*f - r = -2*f. Is f a composite number?
False
Let v(p) = -p**3 - 8*p**2 + 9*p + 6. Let k be v(-9). Suppose k*d - d - 925 = 0. Suppose 4*t + 37 = d. Is t prime?
True
Let q(d) = 5*d**2 + 7*d + 7. Let u = 2 + -9. Is q(u) a prime number?
False
Let r(u) = 323*u**3 - 2*u**2 + 1. Let c be r(-1). Let j = c - -457. Is j prime?
False
Suppose -23 = -o - 4. Is o composite?
False
Is -2 + 144 + 2 + -1 composite?
True
Suppose 4*m - 2*m = -4*b + 784, 3*m - 588 = -3*b. Let y = 127 + -123. Suppose b = -0*d + y*d. Is d a composite number?
True
Let g = 459 - 82. Is g a prime number?
False
Suppose 676 = -4*h + 2312. Is h prime?
True
Let n be (-22)/3*(-15)/2. Let m be (-1)/(-2) + 30/12. Suppose y - n = -2*x, y + y - 124 = m*x. Is y a composite number?
False
Let v = -55 - -157. Suppose -o = 2*o - v. Is o a composite number?
True
Let y(o) = -5*o - 5. Let b be y(-4). Suppose b = -3*h + 4*h. Is h composite?
True
Let f(l) = l**3 + l**2 + l + 1. Let u be f(0). Let s = u - -123. Let n = 221 - s. Is n prime?
True
Let j(x) = 16*x**2 - x. Is j(1) prime?
False
Suppose 5524 = 7*y - 1161. Is y composite?
True
Suppose 2*q + 2*q = 308. Is q a composite number?
True
Suppose 0*l - 9 = -3*l. Suppose l*a - 8 = 346. Is a composite?
True
Let w(k) = 4 + 23*k - 9 - 8. Is w(10) a composite number?
True
Suppose -4*y + 20 = y. Let d be (5/y)/((-5)/(-20)). Suppose -d*h - o = -818, -2*h - h - 5*o = -504. Is h composite?
False
Suppose -3*b + 2*r = -21 - 448, 4*b - 624 = 4*r. Is b prime?
True
Let y be (4 + -7)/(3/(-4)). Suppose 0 = y*h + 84 - 392. Is h a composite number?
True
Suppose q - 32 = -3*q. Suppose 5 = -j, n - 3*j - q = 8. Is (-3)/(-6)*74/n a prime number?
True
Let p(x) = -x - 2*x**2 - 70*x**3 - 5*x**2 - 1 + 5*x**2 + 3*x**2. Is p(-2) prime?
False
Suppose -539 = -4*c - 5*m + 2*m, -2*c + 247 = -3*m. Let k = 202 - c. Is k a prime number?
True
Let y(b) be the second derivative of 7*b**3/3 - 9*b**2/2 + 5*b. Is y(10) composite?
False
Let i(b) = -11*b**2 + 2*b + 2. Let x(d) = -23*d**2 + 3*d + 3. Let k(n) = 5*i(n) - 3*x(n). Is k(-1) composite?
True
Is -4*(-4 + (-414)/8) a composite number?
False
Let d(u) = 59*u - 15*u + 5 - 2. Is d(5) a composite number?
False
Suppose m + 0*m = 9. Suppose -84 = -2*k - a, 0 = -k - 4*a + 26 + m. Is k a prime number?
True
Let y(a) = -a**3 - 8*a**2 - 3*a - 2. Let f be y(-5). Let q = 5 - f. Is q a prime number?
True
Suppose 4*r - 2324 = -2*z + 6080, -4202 = -2*r + 3*z. Is r a prime number?
False
Let i = 8 + -2. Is i a composite number?
True
Let h be 1 + (1 - (0 + 0)). Is (-2)/(2 + h)*-46 a prime number?
True
Let i be (1 - -2)*2/6. Let p be 1 - (-19 - (1 + i)). Is p*3*3/6 a composite number?
True
Let n be 30/8 - 2/(-8). Is (-2 + n)/(4/38) a prime number?
True
Let n(b) = b**3 + 12*b**2 - b + 1. Is n(-6) a composite number?
False
Suppose -2*m = -a + 439, -858 - 1367 = -5*a + 4*m. Is a a prime number?
True
Suppose z - 5*z + 2608 = 0. Suppose -664 = -4*c + z. Is c a prime number?
False
Suppose -5*p = 3*c + 18, p + 11 = -3*c - 7. Let g be (-182)/c - 4/12. Suppose 0 = 2*m - 7*m + g. Is m composite?
True
Let j be 2 + 21 + 1 + -2. Is (3 + -6)/((-6)/j) composite?
False
Let c = 1883 + -892. Suppose 3*p = -3*b + 987, 3*b = -3*p + 2*b + c. Is p a composite number?
False
Let d be ((-9)/4)/((-3)/16). Let r be 4*-2*d/(-8). Is (-3)/(-1 + r/15) a prime number?
False
Let k = 441 - -172. Is k a prime number?
True
Suppose -2*a + 92 = 2*a. Is (a + -1)/(1 + 1) prime?
True
Suppose 0 = -3*g - 3*g + 1302. Is g a composite number?
True
Let t(n) = n**2 - 3*n - 2. Let y be t(4). Suppose 0 = y*c - 6*c + 16, -4*c + 100 = 4*g. Is g a prime number?
False
Let f = -339 - -796. Is f composite?
False
Let k(r) = -r + 8. Let w be k(4). Suppose -8 + 0 = -w*y. Suppose 304 = y*g - 3*l, 2*g + 5*l - 170 = 102. Is g prime?
False
Suppose 17*u + 28171 = 30*u. Is u a composite number?
True
Let a(b) = -b**3 + 6*b**2 - 5*b. Let t be a(5). Suppose -k + t*k + 177 = 0. Is k a composite number?
True
Let d be (-3)/6 + (-278)/(-4). Suppose -3*l - 2*n = -4*l + 3, -2*l + n = -6. Suppose -5*g - d = -3*q, 5*g - 59 - 10 = -l*q. Is q prime?
True
Suppose 4*m + 2*d - 2 = m, -4*d = -2*m + 12. Suppose -147 = -3*g + m*g. Suppose 2*s + s - g = 0. Is s composite?
True
Is ((-3)/1)/(3/(-799)) prime?
False
Suppose 4*u = 3*r + 708 - 7, 2*r = -2*u - 458. Let a = -164 - r. Is a a composite number?
False
Let k = -7 - -19. Suppose -n + k = -2*u + 175, u - 5*n - 104 = 0. Is u a composite number?
False
Let b = 49 + 25. Suppose i - b = 5. Is i a prime number?
True
Let p be ((-5166)/27)/((-4)/6). Let w = p - 124. Is w a prime number?
True
Let t(c) = 7*c**2 - 4*c + 4. Is t(-5) prime?
True
Let s(p) = p**3 - 15*p**2 + 42*p - 14. Is s(18) a composite number?
True
Let u(v) = -v**3 - 5*v**2 - 8*v + 13. Is u(-8) composite?
False
Suppose -15 = -4*u + 5*x, -5*u - 5*x + 2*x - 9 = 0. Let h be (-2 + u + 2)*1. Suppose h = -2*b + 9 + 37. Is b a prime number?
True
Let n(o) = o**2 - 2*o - 1. Let f be n(2). Let i = 3 - f. Suppose 2*a = -5*y + 345, i*y - 274 = -3*a + 9. Is y a composite number?
False
Suppose 0 = 5*p - i - 245, -3*p + 3*i + 228 = 81. Suppose -7*f - 18 = -f. Is (f + p + 1)*5 prime?
False
Let f(t) = 2*t - 6. Let l be 6/(-2)*4/(-3). Let v be f(l). Suppose -v*h = -0*h - 6. Is h a composite number?
False
Let b(c) = 55*c**2 + 2*c + 2. Let z be b(-3). Suppose -2*u - 2*v - 3*v + z = 0, 4*u - 2*v - 922 = 0. Is u composite?
False
Let z(r) = -3*r - 3. Let c be z(-4). Let p(a) = -a**3 + 8*a**2 + 9*a + 4. Is p(c) a prime number?
False
Suppose a + u - 39 = -4*u, 156 = 4*a - 3*u. Is a a composite number?
True
Let y(q) = -3*q - 4*q + 8 + 6*q. Let u be y(5). Suppose -t - 4*h + 17 = 0, -5*t = -u*h + 2*h - 64. Is t composite?
False
Suppose -2*h + i - 6*i = -1643, -2*h + 1598 = -4*i. Is h prime?
True
Let p(u) = 3*u + 19. Let g be p(-6). Suppose 3*l = -0*l + 3. Let j = g + l. Is j a prime number?
True
Suppose v + 6902 = 5*p, -406 = -p - 4*v + 987. Is p a prime number?
True
Let b(l) = -l**3 - l**2 - 7. Let r be b(0). Let w = -1 - r. Is 2*13*(w - 5) a composite number?
True
Suppose -8*y + 11*y - 2445 = 0. Is y a composite number?
True
Let h(b) = b**2 - 6*b + 8. Suppose -s - 3*k + 10 = -k, -5*k + 16 = s. Let g be h(s). Suppose -57 = -i - g. Is i composite?
True
Let v(t) = 2*t**2 - 5. Let k be v(4). Is k/(-9) - (-328)/2 a composite number?
True
Suppose -3*j + 5*r = -191, -3*r - 78 + 237 = 3*j. Suppose -3*o = -0*o - j. Is o composite?
False
Suppose 0 = 4*x - 4*y + 16, -y + 2*y - 5 = 2*x. Let j(u) = -3 + 4*u + 3 - 10*u + 1. Is j(x) a prime number?
True
Let s be (-84)/(9/12*-1). Suppose -5*w + 203 = -s. Suppose -3*y + 36 = -w. Is y composite?
True
Suppose -24 = -4*j - 2*k, 3*j - 5*j = -3*k - 4. Let y be -1*5 - (-1 - -4). Let u = j - y. Is u a prime number?
True
Let l = 12 + -26. Let x = -7 - l. Is x a prime number?
True
Let c(h) = h**3 - 8*h**2 - 10*h + 12. Let b be c(9). Suppose -7 = 2*s + b. Is (s - -7)*(-26)/(-4) a composite number?
False
Let t be 5 - (3 + (-2 - -2)). Suppose 0 = -2*l - t*l + 268. Is l prime?
True
Let u be 1 + (-768)/(5 - 3). Suppose a - 3*a = -4*f - 514, -3*f - 3*a - 363 = 0. Let l = f - u. Is l prime?
True
Suppose q + 1 = 6. Suppose -3*j - 2*p + 12 + q = 0, -25 = -3*j + 2*p. Is j composite?
False
Suppose 0 = 3*r + 21 + 27. Let n be (-8)/(-2)*36/r. Let f = 17 - n. Is f prime?
False
Suppose 10*r = 11*r - 51. Is r a prime number?
False
Let t(n) = n**3 - 5*n**2 + 2. Let g be t(5). Suppose 0 = -g*k - 0*k + 1586. Suppose -4*j + k = j + 4*b, 3*j - 468 = -5*b. Is j composite?
True
Let c = 22 - 18. Is (-47)/(c + -3 + -2) a composite number?
False
Let u = 4 + -2. Suppose 0 = -4*w + u*a + 456, -a = -3*w + 2*a + 339. Is w a prime number?
False
Let r(c) = 4*c**3 + 5*c**2 + c + 9. Let m(g) = -10 - 3*g**3 + 3*g - 4*g**2 - 4*g + 0*g. Let s(o) = -5*m(o) - 4*r(o). Is s(0) a prime number?
False
Suppose s + 1055 = 6*s. Is s a composite number?
False
Suppose -690 = 5*v - 11205. Is v prime?
False
Suppose 5*b + b = 0. Suppose 0 = -0*s + 5*s - 1095. Suppose b = 5*n - 166 - s. Is n a composite number?
True
Suppose 2*n = -0*n. Suppose n*q = 2*q - 370. Is q